{"id":116,"date":"2023-11-06T04:51:42","date_gmt":"2023-11-06T03:51:42","guid":{"rendered":"http:\/\/www.lemuseedespompiers.re\/?page_id=116"},"modified":"2024-04-06T13:11:11","modified_gmt":"2024-04-06T11:11:11","slug":"nos-documents","status":"publish","type":"page","link":"https:\/\/www.lemuseedespompiers.re\/index.php\/nos-documents\/","title":{"rendered":"Nos documents"},"content":{"rendered":"\n<p><strong>Nos statuts<\/strong> et documents officiels<\/p>\n\n\n\n<ul class=\"wp-block-list\">\n<li>Nos statuts &#8211; <a href=\"http:\/\/lemuseedespompiers.re\/documents\/statuts_signes.pdf\" target=\"_blank\" rel=\"noreferrer noopener\">T\u00e9l\u00e9charger<\/a><\/li>\n\n\n\n<li>Publication au JO &#8211; <a href=\"http:\/\/lemuseedespompiers.re\/documents\/publication_jo.pdf\" target=\"_blank\" rel=\"noreferrer noopener\">T\u00e9l\u00e9charger<\/a><\/li>\n\n\n\n<li>Situation au r\u00e9pertoire SIRENE &#8211; <a href=\"http:\/\/lemuseedespompiers.re\/documents\/repertoire_sirene.pdf\" target=\"_blank\" rel=\"noreferrer noopener\">T\u00e9l\u00e9charger<\/a><\/li>\n<\/ul>\n\n\n\n<hr class=\"wp-block-separator has-alpha-channel-opacity\"\/>\n\n\n\n<p><strong>Nos proc\u00e8s verbaux<\/strong><\/p>\n\n\n\n<ul class=\"wp-block-list\">\n<li>Proc\u00e8s-verbal de l&#8217;assembl\u00e9e g\u00e9n\u00e9rale du 20 mars 2024 &#8211; <a href=\"http:\/\/lemuseedespompiers.re\/documents\/pv_ag_20240320.pdf\" target=\"_blank\" rel=\"noreferrer noopener\">T\u00e9l\u00e9charger<\/a><\/li>\n\n\n\n<li>Proc\u00e8s-verbal de l&#8217;assembl\u00e9e g\u00e9n\u00e9rale du 4 novembre 2023 &#8211; <a href=\"http:\/\/lemuseedespompiers.re\/documents\/pv_ag_20231104.pdf\" target=\"_blank\" rel=\"noreferrer noopener\">T\u00e9l\u00e9charger<\/a><\/li>\n\n\n\n<li>Proc\u00e8s-verbal de l&#8217;assembl\u00e9e g\u00e9n\u00e9rale du 18 juillet 2022 &#8211; <a href=\"http:\/\/lemuseedespompiers.re\/documents\/pv_ag_20220718.pdf\" target=\"_blank\" rel=\"noreferrer noopener\">T\u00e9l\u00e9charger<\/a><\/li>\n\n\n\n<li>Proc\u00e8s-verbal de l&#8217;assembl\u00e9e g\u00e9n\u00e9rale exceptionnelle du 30 ao\u00fbt 2021 &#8211; <a href=\"http:\/\/lemuseedespompiers.re\/documents\/pv_ouverture_de_compte.pdf\" target=\"_blank\" rel=\"noreferrer noopener\">T\u00e9l\u00e9charger<\/a><\/li>\n\n\n\n<li>Proc\u00e8s-verbal de l&#8217;assembl\u00e9e g\u00e9n\u00e9rale du 12 avril 2021 &#8211; <a href=\"http:\/\/lemuseedespompiers.re\/documents\/pv_ag_constitutive_20210412.pdf\" target=\"_blank\" rel=\"noreferrer noopener\">T\u00e9l\u00e9charger<\/a><\/li>\n<\/ul>\n\n\n\n<hr class=\"wp-block-separator has-alpha-channel-opacity\"\/>\n\n\n\n<p><strong>Notre politique<\/strong><\/p>\n\n\n\n<ul class=\"wp-block-list\">\n<li>Notre business plan &#8211; <a href=\"https:\/\/www.lemuseedespompiers.re\/documents\/business_plan.pdf\" target=\"_blank\" rel=\"noreferrer noopener\">T\u00e9l\u00e9charger<\/a><\/li>\n\n\n\n<li>Politique de gestion du site Internet &#8211; <a href=\"http:\/\/lemuseedespompiers.re\/documents\/politique_site_internet.pdf\" target=\"_blank\" rel=\"noreferrer noopener\">T\u00e9l\u00e9charger<\/a><\/li>\n\n\n\n<li>Politique de gestion de la page LinkedIn &#8211; <a href=\"http:\/\/lemuseedespompiers.re\/documents\/politique_linkedin.pdf\" target=\"_blank\" rel=\"noreferrer noopener\">T\u00e9l\u00e9charger<\/a><\/li>\n<\/ul>\n\n\n\n<hr class=\"wp-block-separator has-alpha-channel-opacity\"\/>\n\n\n\n<p><strong>Nos projets<\/strong><\/p>\n\n\n\n<ul class=\"wp-block-list\">\n<li>Projet d&#8217;ouvrage comm\u00e9moratif pour c\u00e9l\u00e9brer les 70 ans du Service D\u00e9partemental d&#8217;Incendie et de Secours de La R\u00e9union (mise \u00e0 jour du 20 mars 2024) &#8211; <a href=\"http:\/\/lemuseedespompiers.re\/documents\/projet_ouvrage.pdf\" target=\"_blank\" rel=\"noreferrer noopener\">T\u00e9l\u00e9charger<\/a><\/li>\n<\/ul>\n","protected":false},"excerpt":{"rendered":"<p>Nos statuts et documents officiels Nos proc\u00e8s verbaux Notre politique Nos projets<\/p>\n","protected":false},"author":1,"featured_media":0,"parent":0,"menu_order":0,"comment_status":"closed","ping_status":"closed","template":"","meta":{"_bbp_topic_count":0,"_bbp_reply_count":0,"_bbp_total_topic_count":0,"_bbp_total_reply_count":0,"_bbp_voice_count":0,"_bbp_anonymous_reply_count":0,"_bbp_topic_count_hidden":0,"_bbp_reply_count_hidden":0,"_bbp_forum_subforum_count":0,"_monsterinsights_skip_tracking":false,"_monsterinsights_sitenote_active":false,"_monsterinsights_sitenote_note":"","_monsterinsights_sitenote_category":0,"_uf_show_specific_survey":0,"_uf_disable_surveys":false,"_price":"","_stock":"","_tribe_ticket_header":"","_tribe_default_ticket_provider":"","_tribe_ticket_capacity":"0","_ticket_start_date":"","_ticket_end_date":"","_tribe_ticket_show_description":"","_tribe_ticket_show_not_going":false,"_tribe_ticket_use_global_stock":"","_tribe_ticket_global_stock_level":"","_global_stock_mode":"","_global_stock_cap":"","_tribe_rsvp_for_event":"","_tribe_ticket_going_count":"","_tribe_ticket_not_going_count":"","_tribe_tickets_list":"[]","_tribe_ticket_has_attendee_info_fields":false,"footnotes":"","_tec_slr_enabled":"","_tec_slr_layout":""},"class_list":["post-116","page","type-page","status-publish","hentry"],"ticketed":false,"_links":{"self":[{"href":"https:\/\/www.lemuseedespompiers.re\/index.php\/wp-json\/wp\/v2\/pages\/116","targetHints":{"allow":["GET"]}}],"collection":[{"href":"https:\/\/www.lemuseedespompiers.re\/index.php\/wp-json\/wp\/v2\/pages"}],"about":[{"href":"https:\/\/www.lemuseedespompiers.re\/index.php\/wp-json\/wp\/v2\/types\/page"}],"author":[{"embeddable":true,"href":"https:\/\/www.lemuseedespompiers.re\/index.php\/wp-json\/wp\/v2\/users\/1"}],"replies":[{"embeddable":true,"href":"https:\/\/www.lemuseedespompiers.re\/index.php\/wp-json\/wp\/v2\/comments?post=116"}],"version-history":[{"count":9,"href":"https:\/\/www.lemuseedespompiers.re\/index.php\/wp-json\/wp\/v2\/pages\/116\/revisions"}],"predecessor-version":[{"id":216,"href":"https:\/\/www.lemuseedespompiers.re\/index.php\/wp-json\/wp\/v2\/pages\/116\/revisions\/216"}],"wp:attachment":[{"href":"https:\/\/www.lemuseedespompiers.re\/index.php\/wp-json\/wp\/v2\/media?parent=116"}],"curies":[{"name":"wp","href":"https:\/\/api.w.org\/{rel}","templated":true}]}}