{"id":1197,"date":"2025-08-28T05:42:20","date_gmt":"2025-08-28T03:42:20","guid":{"rendered":"https:\/\/www.lemuseedespompiers.re\/?post_type=tribe_events&#038;p=1197"},"modified":"2025-08-28T05:42:20","modified_gmt":"2025-08-28T03:42:20","slug":"journee-de-dedicaces-et-visites-guidees-11-septembre-2025","status":"publish","type":"tribe_events","link":"https:\/\/www.lemuseedespompiers.re\/index.php\/event\/journee-de-dedicaces-et-visites-guidees-11-septembre-2025\/","title":{"rendered":"Journ\u00e9e de d\u00e9dicaces et visites guid\u00e9es \u2013 11 septembre 2025"},"content":{"rendered":"<p data-start=\"75\" data-end=\"377\">\u00c0 l\u2019occasion de la comm\u00e9moration des attentats du 11 septembre, les Archives d\u00e9partementales et l\u2019Association des Amis du Mus\u00e9e des Sapeurs-Pompiers de La R\u00e9union et de l\u2019Oc\u00e9an Indien organisent une journ\u00e9e sp\u00e9ciale au sein de l\u2019exposition consacr\u00e9e aux 70 ans du SDIS de La R\u00e9union.<\/p>\n<p data-start=\"379\" data-end=\"968\">Au programme :<br data-start=\"393\" data-end=\"396\" \/>\u2013 Pr\u00e9sentation du tableau de Michel Barjolin repr\u00e9sentant les pompiers de New York dans les tours du World Trade Center. L\u2019artiste sera pr\u00e9sent et d\u00e9dicacera son roman consacr\u00e9 aux attentats.<br data-start=\"587\" data-end=\"590\" \/>\u2013 S\u00e9ances de d\u00e9dicaces par Nicolas Folio, pr\u00e9sident de l\u2019association : <em data-start=\"661\" data-end=\"706\">Histoire des sapeurs-pompiers de La R\u00e9union<\/em> et <em data-start=\"710\" data-end=\"756\">Le pompier de New York \u2013 H\u00e9ros du 19e si\u00e8cle<\/em>.<br data-start=\"757\" data-end=\"760\" \/>\u2013 S\u00e9ances de d\u00e9dicaces conjointes avec Hugues Gigant pour l\u2019ouvrage <em data-start=\"828\" data-end=\"901\">Hugues Gigant \u2013 De La R\u00e9union \u00e0 la Brigade de sapeurs-pompiers de Paris<\/em>.<br data-start=\"902\" data-end=\"905\" \/>\u2013 Visites guid\u00e9es de l\u2019exposition tout au long de la journ\u00e9e.<\/p>\n<p data-start=\"970\" data-end=\"1095\" data-is-last-node=\"\" data-is-only-node=\"\">Une rencontre entre m\u00e9moire locale et m\u00e9moire internationale, pour honorer l\u2019engagement des pompiers d\u2019hier et d\u2019aujourd\u2019hui.<\/p>\n","protected":false},"excerpt":{"rendered":"<p>\u00c0 l\u2019occasion de la comm\u00e9moration des attentats du 11 septembre, les Archives d\u00e9partementales et l\u2019Association des Amis du Mus\u00e9e des Sapeurs-Pompiers de La R\u00e9union et de l\u2019Oc\u00e9an Indien organisent une [&hellip;]<\/p>\n","protected":false},"author":1,"featured_media":1198,"template":"","meta":{"_bbp_topic_count":0,"_bbp_reply_count":0,"_bbp_total_topic_count":0,"_bbp_total_reply_count":0,"_bbp_voice_count":0,"_bbp_anonymous_reply_count":0,"_bbp_topic_count_hidden":0,"_bbp_reply_count_hidden":0,"_bbp_forum_subforum_count":0,"_monsterinsights_skip_tracking":false,"_monsterinsights_sitenote_active":false,"_monsterinsights_sitenote_note":"","_monsterinsights_sitenote_category":0,"_uf_show_specific_survey":0,"_uf_disable_surveys":false,"_price":"","_stock":"","_tribe_ticket_header":"","_tribe_default_ticket_provider":"","_tribe_ticket_capacity":"0","_ticket_start_date":"","_ticket_end_date":"","_tribe_ticket_show_description":"","_tribe_ticket_show_not_going":false,"_tribe_ticket_use_global_stock":"","_tribe_ticket_global_stock_level":"","_global_stock_mode":"","_global_stock_cap":"","_tribe_rsvp_for_event":"","_tribe_ticket_going_count":"","_tribe_ticket_not_going_count":"","_tribe_tickets_list":"[]","_tribe_ticket_has_attendee_info_fields":false,"_tribe_events_status":"","_tribe_events_status_reason":"","footnotes":"","_tec_slr_enabled":"","_tec_slr_layout":""},"tags":[],"tribe_events_cat":[],"class_list":["post-1197","tribe_events","type-tribe_events","status-publish","has-post-thumbnail","hentry"],"ticketed":false,"_links":{"self":[{"href":"https:\/\/www.lemuseedespompiers.re\/index.php\/wp-json\/wp\/v2\/tribe_events\/1197","targetHints":{"allow":["GET"]}}],"collection":[{"href":"https:\/\/www.lemuseedespompiers.re\/index.php\/wp-json\/wp\/v2\/tribe_events"}],"about":[{"href":"https:\/\/www.lemuseedespompiers.re\/index.php\/wp-json\/wp\/v2\/types\/tribe_events"}],"author":[{"embeddable":true,"href":"https:\/\/www.lemuseedespompiers.re\/index.php\/wp-json\/wp\/v2\/users\/1"}],"version-history":[{"count":1,"href":"https:\/\/www.lemuseedespompiers.re\/index.php\/wp-json\/wp\/v2\/tribe_events\/1197\/revisions"}],"predecessor-version":[{"id":1199,"href":"https:\/\/www.lemuseedespompiers.re\/index.php\/wp-json\/wp\/v2\/tribe_events\/1197\/revisions\/1199"}],"wp:featuredmedia":[{"embeddable":true,"href":"https:\/\/www.lemuseedespompiers.re\/index.php\/wp-json\/wp\/v2\/media\/1198"}],"wp:attachment":[{"href":"https:\/\/www.lemuseedespompiers.re\/index.php\/wp-json\/wp\/v2\/media?parent=1197"}],"wp:term":[{"taxonomy":"post_tag","embeddable":true,"href":"https:\/\/www.lemuseedespompiers.re\/index.php\/wp-json\/wp\/v2\/tags?post=1197"},{"taxonomy":"tribe_events_cat","embeddable":true,"href":"https:\/\/www.lemuseedespompiers.re\/index.php\/wp-json\/wp\/v2\/tribe_events_cat?post=1197"}],"curies":[{"name":"wp","href":"https:\/\/api.w.org\/{rel}","templated":true}]}}

Journée de dédicaces et visites guidées – 11 septembre 2025

<p data-start="75" data-end="377">À l’occasion de la commémoration des attentats du 11 septembre, les Archives départementales et l’Association des Amis du Musée des Sapeurs-Pompiers de La Réunion et de l’Océan Indien organisent une journée spéciale au sein de l’exposition consacrée aux 70 ans du SDIS de La Réunion.</p>
<p data-start="379" data-end="968">Au programme :<br data-start="393" data-end="396" />– Présentation du tableau de Michel Barjolin représentant les pompiers de New York dans les tours du World Trade Center. L’artiste sera présent et dédicacera son roman consacré aux attentats.<br data-start="587" data-end="590" />– Séances de dédicaces par Nicolas Folio, président de l’association : <em data-start="661" data-end="706">Histoire des sapeurs-pompiers de La Réunion</em> et <em data-start="710" data-end="756">Le pompier de New York – Héros du 19e siècle</em>.<br data-start="757" data-end="760" />– Séances de dédicaces conjointes avec Hugues Gigant pour l’ouvrage <em data-start="828" data-end="901">Hugues Gigant – De La Réunion à la Brigade de sapeurs-pompiers de Paris</em>.<br data-start="902" data-end="905" />– Visites guidées de l’exposition tout au long de la journée.</p>
<p data-start="970" data-end="1095" data-is-last-node="" data-is-only-node="">Une rencontre entre mémoire locale et mémoire internationale, pour honorer l’engagement des pompiers d’hier et d’aujourd’hui.</p>

<p>À l’occasion de la commémoration des attentats du 11 septembre, les Archives départementales et l’Association des Amis du Musée des Sapeurs-Pompiers de La Réunion et de l’Océan Indien organisent une [&hellip;]</p>
