{"id":1288,"date":"2025-09-27T09:12:13","date_gmt":"2025-09-27T07:12:13","guid":{"rendered":"https:\/\/www.lemuseedespompiers.re\/?post_type=tribe_events&#038;p=1288"},"modified":"2025-09-27T09:12:13","modified_gmt":"2025-09-27T07:12:13","slug":"face-aux-risques-agissons-alon-bouge","status":"publish","type":"tribe_events","link":"https:\/\/www.lemuseedespompiers.re\/index.php\/event\/face-aux-risques-agissons-alon-bouge\/","title":{"rendered":"Face aux risques agissons ! Alon boug\u00e9 !"},"content":{"rendered":"<p data-start=\"98\" data-end=\"366\">Le 8 octobre 2025, l\u2019Association des Amis du Mus\u00e9e des Sapeurs-Pompiers de La R\u00e9union et de l\u2019Oc\u00e9an Indien participe \u00e0 la journ\u00e9e organis\u00e9e par la MAIF, labellis\u00e9e dans le cadre de la Journ\u00e9e Nationale de la R\u00e9silience.<\/p>\n<p data-start=\"368\" data-end=\"467\">\ud83d\udccd Lieu : D\u00e9l\u00e9gation MAIF de Saint-Denis &#8211; 183 rue Jules Auber<br data-start=\"407\" data-end=\"410\" \/>\ud83d\udd58 Horaires : 9h00 \u2013 16h00 (acc\u00e8s partenaires d\u00e8s 7h30)<\/p>\n<p data-start=\"469\" data-end=\"485\">Au programme :<\/p>\n<ul data-start=\"486\" data-end=\"904\">\n<li data-start=\"486\" data-end=\"577\">\n<p data-start=\"488\" data-end=\"577\">Ateliers de pr\u00e9vention (s\u00e9curit\u00e9 routi\u00e8re, baignade, gestes de premiers secours, PIMS).<\/p>\n<\/li>\n<li data-start=\"578\" data-end=\"686\">\n<p data-start=\"580\" data-end=\"686\">Jeux p\u00e9dagogiques autour des risques naturels (inondations, feux de for\u00eat, reconstruction post-cyclone).<\/p>\n<\/li>\n<li data-start=\"687\" data-end=\"734\">\n<p data-start=\"689\" data-end=\"734\">Maquettes interactives de Sciences R\u00e9union.<\/p>\n<\/li>\n<li data-start=\"735\" data-end=\"904\">\n<p data-start=\"737\" data-end=\"904\">Animation de l\u2019association : pr\u00e9sentation du dispositif de lutte contre les feux de for\u00eat, jeu de questions-r\u00e9ponses et d\u00e9monstration de mat\u00e9riel (claie de portage).<\/p>\n<\/li>\n<\/ul>\n<p data-start=\"906\" data-end=\"988\">\ud83d\udc65 Public accueilli : enfants des mercredis jeunesse, scolaires et grand public.<\/p>\n<p data-start=\"990\" data-end=\"1154\" data-is-only-node=\"\">Un rendez-vous pour sensibiliser petits et grands aux risques majeurs \u00e0 La R\u00e9union, et d\u00e9couvrir le r\u00f4le des sapeurs-pompiers dans la pr\u00e9vention et la protection.<\/p>\n","protected":false},"excerpt":{"rendered":"<p>Le 8 octobre 2025, l\u2019Association des Amis du Mus\u00e9e des Sapeurs-Pompiers de La R\u00e9union et de l\u2019Oc\u00e9an Indien participe \u00e0 la journ\u00e9e organis\u00e9e par la MAIF, labellis\u00e9e dans le cadre [&hellip;]<\/p>\n","protected":false},"author":1,"featured_media":1289,"template":"","meta":{"_bbp_topic_count":0,"_bbp_reply_count":0,"_bbp_total_topic_count":0,"_bbp_total_reply_count":0,"_bbp_voice_count":0,"_bbp_anonymous_reply_count":0,"_bbp_topic_count_hidden":0,"_bbp_reply_count_hidden":0,"_bbp_forum_subforum_count":0,"_monsterinsights_skip_tracking":false,"_monsterinsights_sitenote_active":false,"_monsterinsights_sitenote_note":"","_monsterinsights_sitenote_category":0,"_uf_show_specific_survey":0,"_uf_disable_surveys":false,"_price":"","_stock":"","_tribe_ticket_header":"","_tribe_default_ticket_provider":"","_tribe_ticket_capacity":"0","_ticket_start_date":"","_ticket_end_date":"","_tribe_ticket_show_description":"","_tribe_ticket_show_not_going":false,"_tribe_ticket_use_global_stock":"","_tribe_ticket_global_stock_level":"","_global_stock_mode":"","_global_stock_cap":"","_tribe_rsvp_for_event":"","_tribe_ticket_going_count":"","_tribe_ticket_not_going_count":"","_tribe_tickets_list":"[]","_tribe_ticket_has_attendee_info_fields":false,"_tribe_events_status":"","_tribe_events_status_reason":"","footnotes":"","_tec_slr_enabled":"","_tec_slr_layout":""},"tags":[],"tribe_events_cat":[],"class_list":["post-1288","tribe_events","type-tribe_events","status-publish","has-post-thumbnail","hentry"],"ticketed":false,"_links":{"self":[{"href":"https:\/\/www.lemuseedespompiers.re\/index.php\/wp-json\/wp\/v2\/tribe_events\/1288","targetHints":{"allow":["GET"]}}],"collection":[{"href":"https:\/\/www.lemuseedespompiers.re\/index.php\/wp-json\/wp\/v2\/tribe_events"}],"about":[{"href":"https:\/\/www.lemuseedespompiers.re\/index.php\/wp-json\/wp\/v2\/types\/tribe_events"}],"author":[{"embeddable":true,"href":"https:\/\/www.lemuseedespompiers.re\/index.php\/wp-json\/wp\/v2\/users\/1"}],"version-history":[{"count":1,"href":"https:\/\/www.lemuseedespompiers.re\/index.php\/wp-json\/wp\/v2\/tribe_events\/1288\/revisions"}],"predecessor-version":[{"id":1292,"href":"https:\/\/www.lemuseedespompiers.re\/index.php\/wp-json\/wp\/v2\/tribe_events\/1288\/revisions\/1292"}],"wp:featuredmedia":[{"embeddable":true,"href":"https:\/\/www.lemuseedespompiers.re\/index.php\/wp-json\/wp\/v2\/media\/1289"}],"wp:attachment":[{"href":"https:\/\/www.lemuseedespompiers.re\/index.php\/wp-json\/wp\/v2\/media?parent=1288"}],"wp:term":[{"taxonomy":"post_tag","embeddable":true,"href":"https:\/\/www.lemuseedespompiers.re\/index.php\/wp-json\/wp\/v2\/tags?post=1288"},{"taxonomy":"tribe_events_cat","embeddable":true,"href":"https:\/\/www.lemuseedespompiers.re\/index.php\/wp-json\/wp\/v2\/tribe_events_cat?post=1288"}],"curies":[{"name":"wp","href":"https:\/\/api.w.org\/{rel}","templated":true}]}}

Face aux risques agissons ! Alon bougé !

<p data-start="98" data-end="366">Le 8 octobre 2025, l’Association des Amis du Musée des Sapeurs-Pompiers de La Réunion et de l’Océan Indien participe à la journée organisée par la MAIF, labellisée dans le cadre de la Journée Nationale de la Résilience.</p>
<p data-start="368" data-end="467">📍 Lieu : Délégation MAIF de Saint-Denis &#8211; 183 rue Jules Auber<br data-start="407" data-end="410" />🕘 Horaires : 9h00 – 16h00 (accès partenaires dès 7h30)</p>
<p data-start="469" data-end="485">Au programme :</p>
<ul data-start="486" data-end="904">
<li data-start="486" data-end="577">
<p data-start="488" data-end="577">Ateliers de prévention (sécurité routière, baignade, gestes de premiers secours, PIMS).</p>
</li>
<li data-start="578" data-end="686">
<p data-start="580" data-end="686">Jeux pédagogiques autour des risques naturels (inondations, feux de forêt, reconstruction post-cyclone).</p>
</li>
<li data-start="687" data-end="734">
<p data-start="689" data-end="734">Maquettes interactives de Sciences Réunion.</p>
</li>
<li data-start="735" data-end="904">
<p data-start="737" data-end="904">Animation de l’association : présentation du dispositif de lutte contre les feux de forêt, jeu de questions-réponses et démonstration de matériel (claie de portage).</p>
</li>
</ul>
<p data-start="906" data-end="988">👥 Public accueilli : enfants des mercredis jeunesse, scolaires et grand public.</p>
<p data-start="990" data-end="1154" data-is-only-node="">Un rendez-vous pour sensibiliser petits et grands aux risques majeurs à La Réunion, et découvrir le rôle des sapeurs-pompiers dans la prévention et la protection.</p>

<p>Le 8 octobre 2025, l’Association des Amis du Musée des Sapeurs-Pompiers de La Réunion et de l’Océan Indien participe à la journée organisée par la MAIF, labellisée dans le cadre [&hellip;]</p>
