{"id":977,"date":"2025-07-03T07:54:15","date_gmt":"2025-07-03T05:54:15","guid":{"rendered":"https:\/\/www.lemuseedespompiers.re\/?post_type=tribe_events&#038;p=977"},"modified":"2025-09-20T08:27:32","modified_gmt":"2025-09-20T06:27:32","slug":"journees-du-patrimoine","status":"publish","type":"tribe_events","link":"https:\/\/www.lemuseedespompiers.re\/index.php\/event\/journees-du-patrimoine\/","title":{"rendered":"Journ\u00e9es du patrimoine"},"content":{"rendered":"<p data-start=\"166\" data-end=\"344\"><strong data-start=\"166\" data-end=\"209\">Journ\u00e9es europ\u00e9ennes du patrimoine 2025<\/strong><br data-start=\"209\" data-end=\"212\" \/><strong data-start=\"212\" data-end=\"250\">Samedi 13 et dimanche 14 septembre<\/strong><br data-start=\"250\" data-end=\"253\" \/><strong data-start=\"253\" data-end=\"309\">Archives d\u00e9partementales de La R\u00e9union \u2013 Saint-Denis<\/strong><br data-start=\"309\" data-end=\"312\" \/><strong data-start=\"312\" data-end=\"329\">10h00 \u2013 16h00<\/strong> | Entr\u00e9e libre<\/p>\n<p data-start=\"346\" data-end=\"574\">Dans le cadre exceptionnel de l\u2019exposition <em data-start=\"389\" data-end=\"426\">\u00ab 70 ans au service de La R\u00e9union \u00bb<\/em>, les Archives d\u00e9partementales ouvrent leurs portes au grand public pour deux journ\u00e9es d\u2019immersion dans l\u2019histoire des sapeurs-pompiers r\u00e9unionnais.<\/p>\n<p data-start=\"576\" data-end=\"986\"><strong data-start=\"576\" data-end=\"592\">Au programme<\/strong> :<br data-start=\"594\" data-end=\"597\" \/>\u2013 Visite comment\u00e9e de l\u2019exposition<br data-start=\"631\" data-end=\"634\" \/>\u2013 Conf\u00e9rences th\u00e9matiques\u00a0<br data-start=\"779\" data-end=\"782\" \/>\u2013 S\u00e9ances de d\u00e9dicaces de l\u2019ouvrage <em data-start=\"818\" data-end=\"867\">\u00ab Histoire des sapeurs-pompiers de La R\u00e9union \u00bb<\/em> par ses auteurs<br data-start=\"883\" data-end=\"886\" data-is-only-node=\"\" \/>\u2013 Pr\u00e9sence de membres de l\u2019association pour dialoguer avec le public et pr\u00e9senter le projet de mus\u00e9e<\/p>\n<p data-start=\"988\" data-end=\"1138\">Un moment fort pour d\u00e9couvrir ou red\u00e9couvrir le r\u00f4le essentiel des pompiers dans le patrimoine r\u00e9unionnais, \u00e0 travers objets, r\u00e9cits, et rencontres.<\/p>\n<p data-start=\"1140\" data-end=\"1204\"><strong data-start=\"1140\" data-end=\"1204\">Acc\u00e8s libre \u2013 Tout public \u2013 Horaires \u00e9tendus pour l\u2019occasion<\/strong><\/p>\n","protected":false},"excerpt":{"rendered":"<p>Journ\u00e9es europ\u00e9ennes du patrimoine 2025Samedi 13 et dimanche 14 septembreArchives d\u00e9partementales de La R\u00e9union \u2013 Saint-Denis10h00 \u2013 16h00 | Entr\u00e9e libre Dans le cadre exceptionnel de l\u2019exposition \u00ab 70 ans [&hellip;]<\/p>\n","protected":false},"author":1,"featured_media":981,"template":"","meta":{"_bbp_topic_count":0,"_bbp_reply_count":0,"_bbp_total_topic_count":0,"_bbp_total_reply_count":0,"_bbp_voice_count":0,"_bbp_anonymous_reply_count":0,"_bbp_topic_count_hidden":0,"_bbp_reply_count_hidden":0,"_bbp_forum_subforum_count":0,"_monsterinsights_skip_tracking":false,"_monsterinsights_sitenote_active":false,"_monsterinsights_sitenote_note":"","_monsterinsights_sitenote_category":0,"_uf_show_specific_survey":0,"_uf_disable_surveys":false,"_price":"","_stock":"","_tribe_ticket_header":"","_tribe_default_ticket_provider":"","_tribe_ticket_capacity":"0","_ticket_start_date":"","_ticket_end_date":"","_tribe_ticket_show_description":"","_tribe_ticket_show_not_going":false,"_tribe_ticket_use_global_stock":"","_tribe_ticket_global_stock_level":"","_global_stock_mode":"","_global_stock_cap":"","_tribe_rsvp_for_event":"","_tribe_ticket_going_count":"","_tribe_ticket_not_going_count":"","_tribe_tickets_list":"[]","_tribe_ticket_has_attendee_info_fields":false,"_tribe_events_status":"","_tribe_events_status_reason":"","footnotes":"","_tec_slr_enabled":"","_tec_slr_layout":""},"tags":[],"tribe_events_cat":[],"class_list":["post-977","tribe_events","type-tribe_events","status-publish","has-post-thumbnail","hentry"],"ticketed":false,"_links":{"self":[{"href":"https:\/\/www.lemuseedespompiers.re\/index.php\/wp-json\/wp\/v2\/tribe_events\/977","targetHints":{"allow":["GET"]}}],"collection":[{"href":"https:\/\/www.lemuseedespompiers.re\/index.php\/wp-json\/wp\/v2\/tribe_events"}],"about":[{"href":"https:\/\/www.lemuseedespompiers.re\/index.php\/wp-json\/wp\/v2\/types\/tribe_events"}],"author":[{"embeddable":true,"href":"https:\/\/www.lemuseedespompiers.re\/index.php\/wp-json\/wp\/v2\/users\/1"}],"version-history":[{"count":2,"href":"https:\/\/www.lemuseedespompiers.re\/index.php\/wp-json\/wp\/v2\/tribe_events\/977\/revisions"}],"predecessor-version":[{"id":1276,"href":"https:\/\/www.lemuseedespompiers.re\/index.php\/wp-json\/wp\/v2\/tribe_events\/977\/revisions\/1276"}],"wp:featuredmedia":[{"embeddable":true,"href":"https:\/\/www.lemuseedespompiers.re\/index.php\/wp-json\/wp\/v2\/media\/981"}],"wp:attachment":[{"href":"https:\/\/www.lemuseedespompiers.re\/index.php\/wp-json\/wp\/v2\/media?parent=977"}],"wp:term":[{"taxonomy":"post_tag","embeddable":true,"href":"https:\/\/www.lemuseedespompiers.re\/index.php\/wp-json\/wp\/v2\/tags?post=977"},{"taxonomy":"tribe_events_cat","embeddable":true,"href":"https:\/\/www.lemuseedespompiers.re\/index.php\/wp-json\/wp\/v2\/tribe_events_cat?post=977"}],"curies":[{"name":"wp","href":"https:\/\/api.w.org\/{rel}","templated":true}]}}

Journées du patrimoine

<p data-start="166" data-end="344"><strong data-start="166" data-end="209">Journées européennes du patrimoine 2025</strong><br data-start="209" data-end="212" /><strong data-start="212" data-end="250">Samedi 13 et dimanche 14 septembre</strong><br data-start="250" data-end="253" /><strong data-start="253" data-end="309">Archives départementales de La Réunion – Saint-Denis</strong><br data-start="309" data-end="312" /><strong data-start="312" data-end="329">10h00 – 16h00</strong> | Entrée libre</p>
<p data-start="346" data-end="574">Dans le cadre exceptionnel de l’exposition <em data-start="389" data-end="426">« 70 ans au service de La Réunion »</em>, les Archives départementales ouvrent leurs portes au grand public pour deux journées d’immersion dans l’histoire des sapeurs-pompiers réunionnais.</p>
<p data-start="576" data-end="986"><strong data-start="576" data-end="592">Au programme</strong> :<br data-start="594" data-end="597" />– Visite commentée de l’exposition<br data-start="631" data-end="634" />– Conférences thématiques <br data-start="779" data-end="782" />– Séances de dédicaces de l’ouvrage <em data-start="818" data-end="867">« Histoire des sapeurs-pompiers de La Réunion »</em> par ses auteurs<br data-start="883" data-end="886" data-is-only-node="" />– Présence de membres de l’association pour dialoguer avec le public et présenter le projet de musée</p>
<p data-start="988" data-end="1138">Un moment fort pour découvrir ou redécouvrir le rôle essentiel des pompiers dans le patrimoine réunionnais, à travers objets, récits, et rencontres.</p>
<p data-start="1140" data-end="1204"><strong data-start="1140" data-end="1204">Accès libre – Tout public – Horaires étendus pour l’occasion</strong></p>

<p>Journées européennes du patrimoine 2025Samedi 13 et dimanche 14 septembreArchives départementales de La Réunion – Saint-Denis10h00 – 16h00 | Entrée libre Dans le cadre exceptionnel de l’exposition « 70 ans [&hellip;]</p>
